mmon divisor of 122 and x?
61
Suppose -280*y - 12 = -281*y. Suppose 33 + y = l. Let j = 47 + -17. What is the greatest common factor of j and l?
15
Let h(f) = -2*f**2 + 83*f - 429. Let g be h(26). What is the greatest common factor of 130 and g?
13
Suppose -2*m + 26 - 8 = 0. Suppose 427 = -0*c + 3*c - y, 4*c = -3*y + 591. What is the highest common factor of m and c?
9
Let p(y) = 8*y**2 + 2*y + 15. Let j be p(-4). Let t = -150 - -165. What is the greatest common factor of t and j?
15
Suppose 9*d = 4*d + 10. Let u be (-3)/d*(1 - 15/9). Let t be (11 + (u - 0))*13/52. What is the highest common factor of t and 3?
3
Suppose 2*p - 4*p = -o - 763, 5*o - 1945 = -5*p. Suppose -p = w - 9*w. Suppose 5*x - w = -x. Calculate the greatest common factor of 20 and x.
4
Let b = -1 - -11. Suppose 203 = 4*t - 3*i, -5*t - 4*i + 387 = 141. Calculate the highest common divisor of t and b.
10
Let p(m) = 7*m**3 + 2*m - 1. Let i(x) = 5*x - 1. Let d be i(6). Let c = d + -28. Let k be p(c). What is the greatest common divisor of 8 and k?
8
Suppose 915 - 78 = n. Let i = -531 + n. Calculate the greatest common factor of 408 and i.
102
Suppose 3*i + 5*f - 2251 = 0, -26*f + 8*f - 1330 = -2*i. Suppose 0 = v - 2 + 3, -h - 5*v + 62 = 0. What is the greatest common factor of i and h?
67
Suppose -3*p + 16 = -2*p. Suppose -35 = -6*f - f. Let z be f + (-4 - 11)/5. Calculate the greatest common divisor of z and p.
2
Let k(y) = -29*y + 45*y + 1 - 22*y + 3*y**2 - 7. Let t be k(-2). Let i = -4 + 49. What is the highest common factor of t and i?
9
Let x(n) = 236*n - 4719. Let h be x(26). What is the greatest common factor of h and 872?
109
Suppose 0 = 37*v - 4*v. Suppose 308 = 2*z + 80*i - 84*i, -3*i = v. What is the highest common factor of 22 and z?
22
Let i(p) = 24*p - 2. Let q be i(1). Let j(o) = -13 - 7*o - o**2 + 21*o + 8*o + 61. Let k be j(q). Calculate the greatest common factor of 16 and k.
16
Suppose 0*v - 5*v = -45. Suppose l - 2*k - 5 = 0, 3*l = -4*k - 26 + 11. Let s be (l/(-9)*-6)/((-2)/27). Calculate the greatest common factor of v and s.
9
Let p(b) = 37*b**3 - b**2 - 108*b + 730. Let k be p(7). What is the greatest common factor of 190 and k?
38
Let t = 658 + -647. Suppose -t*w = 1561 - 12187. What is the highest common factor of 21 and w?
21
Let o = -932 - -109. Let i = -524 - o. Calculate the highest common divisor of i and 26.
13
Suppose -d - 879 = -4*q, 5*q - 3*d - 869 = q. Suppose 0 = 2*x + 2, 0 = -4*o - x + q + 458. Calculate the highest common factor of o and 68.
34
Suppose d - 2*o - 8 = -3*o, o = d - 2. Suppose -r = 4, a + 4*r + 0 = 4. Calculate the highest common divisor of d and a.
5
Let s = 343 + 48. What is the highest common factor of 136 and s?
17
Suppose -3*t + 4*y + 1 = -48, 17 = t - 2*y. Let h = 8980 + -8971. Calculate the highest common factor of t and h.
3
Let l(y) = 30*y**2 - 285*y + 87. Let n be l(17). What is the greatest common divisor of 48 and n?
24
Let z be (-80)/(-60) - (-224)/3 - 0. Suppose -7*r + z + 113 = 0. What is the greatest common factor of 27 and r?
27
Suppose 3*k = -4*d - 3, -9 = d + 2*k - 2. Let u be ((-27)/(-6) - d) + 1050/28. Calculate the greatest common factor of u and 91.
13
Suppose -7*q - 1210 = -18*q. Let c(n) = n**3 + 13*n**2 - 3*n - 12. Let x be c(-13). Suppose x = 3*h - 3. Calculate the greatest common factor of h and q.
10
Let l be (132/(-308))/((-2)/(-21))*-4. What is the greatest common factor of 1464 and l?
6
Suppose 0 = -2962*y + 2909*y + 17437. What is the highest common divisor of y and 1128?
47
Suppose -z - 70 = -5*u + 4, -4*z - 71 = -5*u. Let g(d) = 7*d + u - 8 - 9. Let a be g(6). Calculate the greatest common divisor of 16 and a.
8
Let t = 973 - 941. Calculate the greatest common factor of t and 3264.
32
Suppose -159 + 763 = 4*n. Let t = 177 - n. Let h = -78 - -286. Calculate the highest common factor of t and h.
26
Suppose -2*i + r + 5 = 0, -2*i + 6*r - 2*r = 10. Let j = 32 - 26. Let k be j*i/(-30)*-15. What is the highest common factor of k and 10?
5
Suppose -p = 2*j - 2019, 0 = 3*j + j - 5*p - 4073. Suppose 9*x + j = -2*x. Let k = x + 128. Calculate the highest common divisor of k and 324.
36
Let h = -824 + 874. Suppose 44*m + 66 = h*m. Calculate the greatest common factor of m and 451.
11
Let v(x) = -x**3 - 49*x**2 - 54*x - 275. Let l be v(-48). What is the highest common factor of l and 10699?
13
Let h = 15446 + -15242. What is the greatest common divisor of h and 5253?
51
Let g = -1598 + 1682. What is the greatest common divisor of g and 1869?
21
Suppose -19*d = -4*d + 20*d - 69615. Calculate the greatest common factor of d and 51.
51
Suppose -10*k = -13 - 27. Suppose 48 = k*u - 16. What is the greatest common factor of u and 304?
16
Let i be 8/(40/15) - -237. Suppose 3*d = 24 + i. Let z(c) = c**2 + c - 1. Let a be z(-4). What is the greatest common factor of d and a?
11
Let b = 2803 + -2795. Let h(c) = 3*c**2 - 7*c + 4. Let x be h(4). Calculate the greatest common divisor of x and b.
8
Suppose 4*f - 2 = -2*u, 4*u - 7 = -5*f - 0. Let b be (24/(-6) - -7) + (f - -48). What is the highest common divisor of b and 125?
25
Suppose 3528 = 20*t + t. Let s be 16 - (t/98 + (-2)/(-7)). Calculate the highest common divisor of s and 518.
14
Let d(y) = 9*y**2 - 796*y - 293. Let f be d(89). What is the highest common factor of 360 and f?
8
Suppose -2*a - 5*h = -h - 52, -67 = -2*a - h. Suppose a = -4*y + 32. Let n be (8/36 - (-1768)/(-18))*y. What is the greatest common divisor of 14 and n?
14
Let w = -939 + 946. Let b(l) = l**3 - 5*l**2 - 9*l - 5. Let x be b(w). What is the highest common factor of 840 and x?
30
Suppose 2*u = 6*u - 600. Suppose 4*h + 57 - 175 = 2*m, 5*h - 5*m = u. Suppose -31*x - 2639 = -122*x. What is the greatest common factor of h and x?
29
Suppose 134*z = 136*z + 4*g - 22742, -z = -4*g - 11371. Calculate the greatest common factor of 137 and z.
137
Let d = 13888 - 13600. What is the highest common divisor of d and 486?
18
Suppose 4*m = -3*d + 3404, 52*d - 50*d = 3*m + 2258. Calculate the greatest common factor of d and 4.
4
Let q = 3 + 77. Let z = -987 - -1000. Suppose 4*t = 3*o + 137, z*t - 10*t - 2*o = 102. What is the greatest common divisor of t and q?
16
Let f be (-4770)/(-75) - 6/(-15). Suppose -120 = -12*l + 2*l. Suppose -48*v = -45*v - l. What is the highest common factor of v and f?
4
Let j(q) = -q**2 - 192*q - 4528. Let z be j(-164). What is the greatest common factor of 2056 and z?
8
Let p(a) = -2133*a + 153704. Let d be p(72). Let l be (24/(-10))/((-3)/20). Calculate the highest common divisor of l and d.
16
Suppose 23*o - 5*x = 212, 6*o + 4*x = 9*o - 31. Let m = 62 + -44. What is the greatest common factor of o and m?
9
Suppose -187*r + 6735 = -24*r + 1519. Calculate the highest common factor of 32 and r.
32
Let w(k) = 10162*k**3 + 2*k**2 + 4*k - 4. Let n be w(1). Suppose 26*t - n = -2*t. Calculate the greatest common divisor of 66 and t.
33
Let o = 6992 - 6917. What is the greatest common divisor of o and 425?
25
Let u(b) = -2456*b + 4937. Let g be u(2). Let w(z) = 5*z**2 + 3*z - 1. Let p be w(2). What is the greatest common divisor of p and g?
25
Suppose -5*p = i - 295, 158*i - 2*p - 225 = 157*i. Suppose 2*o - 4*w = 6*o - 408, -3*o = -2*w - 286. What is the greatest common divisor of i and o?
49
Let j(h) = 190*h + 6642. Let m be j(-27). What is the highest common factor of m and 2604?
84
Suppose -7*i = -9*i + 5*s + 102, 4*i + 5*s - 234 = 0. Suppose -4*q = q - t - i, -60 = -5*q + 5*t. Calculate the highest common divisor of q and 187.
11
Let v(j) be the third derivative of j**6/120 + j**5/20 - j**4/8 + j**3 + 25*j**2 - 1. Let k be v(-4). What is the highest common divisor of k and 4?
2
Suppose 49629 = 321*t + 33579. Suppose -2*q = -5*v - 285, -4*v = 9 + 11. What is the greatest common factor of q and t?
10
Let l = 3474 - 1914. What is the greatest common divisor of 39 and l?
39
Let g(s) = s**3 + 4*s**2 - s + 23. Suppose -5*h = -7*h - 10. Let c be g(h). What is the greatest common divisor of 18 and c?
3
Let z be 60*((-18)/(-15))/1. Let t be (192/40)/(((-34)/60)/(-17)). Calculate the greatest common divisor of z and t.
72
Suppose 0 = -686*a + 685*a - 4*d + 136, -5*d = 3*a - 443. What is the highest common factor of 17992 and a?
52
Let w(d) = -d**3 - 11*d**2 + 13*d + 14. Let n be w(-12